.
-6
Let f be -1 + 1 - -2*1. Let t(z) = 6*z**2 - 5*z - 2. Suppose 3*m + 0 = 6. Let n(u) = -5*u**2 + 4*u + 1. Let c(p) = m*t(p) + 3*n(p). What is c(f)?
-9
Let p(c) = c**3 + 5*c**2 - 7. Let l be p(-3). Let i(t) = -7*t - 5. Let k(a) = -2*a + 1. Let m(o) = -i(o) + 4*k(o). Calculate m(l).
-2
Let w(m) be the first derivative of -2*m**2 - 6*m + 34. Determine w(-7).
22
Let o(x) = -x**2 + x + 2. Suppose 0 = -14*u - 3 + 45. Give o(u).
-4
Suppose 3*r = 4*b + 103, b = 4*b - r + 81. Let a = -27 - b. Let f(k) = 2 + 9*k - 2*k - 3. Determine f(a).
6
Let q(i) = 2*i**2 - 19*i - 18. Let h be q(10). Let l be (-2)/h*(5 - 5)/2. Let u(x) = x**2 - x - 6. Determine u(l).
-6
Let c(f) = f**3 + 10*f**2 + 4*f - 7. Let l be c(-8). Let w = 84 - l. Let t(r) = r**3 + 6*r**2 + 7*r + 4. Determine t(w).
-6
Let t(a) = -7*a - 380. Let d be t(-54). Let o(j) = -j**3 - 4*j**2 - 2*j + 2. Give o(d).
-2
Suppose -2*x - 3*h = -25, 2*h = x - 0*x - 16. Suppose 0 = 9*o - 11*o - x. Let i(z) = -z**3 - 6*z**2 + 7*z - 6. Give i(o).
-6
Let m(z) = 11*z - 8. Let n(l) = 4*l - 3. Let t(q) = -3*m(q) + 8*n(q). Let h(r) = -6. Suppose 5*o = -o + 6. Let x(s) = o*t(s) - h(s). Calculate x(5).
1
Let p(h) = h**3 - 145*h + 69*h + 10 - 7*h**2 + 67*h. Calculate p(8).
2
Let w(t) = 2*t**2 + 2*t + 1. Let d(l) = l**2 + l + 1. Let g be ((-2)/(-6))/(1/6). Let c be 4/g*(0 + -1). Let o(j) = c*w(j) + 2*d(j). Calculate o(-2).
-4
Let o(r) be the second derivative of -r**4/12 - r**3/6 - 9*r**2 + 2*r + 1. What is o(0)?
-18
Let j be (30/18 - 1)*-9. Let p(x) = x + 12. Determine p(j).
6
Let p(k) be the second derivative of k**5/10 - k**4/6 - k**3/6 - k**2/2 - k - 11. What is p(2)?
5
Let w(p) = p**2 + p - 1. Let l(g) = 6*g**2 + 11*g - 16. Let a(h) = -l(h) + 5*w(h). What is a(-7)?
4
Let z(c) = 20*c - 1. Suppose x = 0, -l + 5*l + 3*x = -128. Let j = l - -33. Give z(j).
19
Let p(u) = -u + 2. Let l(w) = 4 - 14 - 3 + 2*w + w. Let d be l(6). Suppose -n = -d*n - 24. Determine p(n).
8
Let f(w) = w + 13 - 13 - 8*w**2 + 20*w**2. Let v(a) = a**2 + a - 1. Let r(s) = -f(s) + v(s). Determine r(-1).
-12
Let l(s) = -2*s + 6*s + s**2 + 0*s + 9 + 5*s - 25. Determine l(-11).
6
Let b be -2*((-82)/4 + 4). Suppose 4*f = 35 + b. Suppose -3*u - 2*u - 19 = 3*s, -3*u - f = -s. Let l(h) = -h**3 - 5*h**2 - 3*h - 7. Determine l(u).
8
Let t(b) be the first derivative of 1 + b - 5/2*b**2. Let o be ((-24)/(-10) - 2) + (-21)/(-35). What is t(o)?
-4
Let y(o) be the first derivative of 3*o**2/2 + 3*o - 1. Let u = -235 + 239. Determine y(u).
15
Let k be 6 + (1 - -2) - 13. Let y(b) = b**3 + 3*b**2 - 3*b - 1. Calculate y(k).
-5
Let i(o) = -o**3 + o. Let n(q) = -q + 3. Let l be n(3). Suppose 5*r + 5*d = 0, l = -r + 2*r + 3*d. Calculate i(r).
0
Let h be 2/(-4) - (-84)/24. Let m(w) = -w**3 + w**2 - 5*w + 2. Determine m(h).
-31
Let x(u) = 4*u + 4. Let k(m) = -m**2 + 4*m + 4. Let b be k(4). Calculate x(b).
20
Let v(g) = -7*g - 8. Let z(f) = -f + 1. Let r(p) = -v(p) + 3*z(p). Calculate r(-7).
-17
Suppose -21 = 2*q + 5*z, -4*q + 3*z - 27 = -2*z. Let l(w) = w**2 + 8*w - 9. Calculate l(q).
-9
Let r be (1/3)/(5/570). Let x be (-3)/(-5) + r/(-5). Let d(z) = 5*z - 1. Let t(o) = -3*o. Let h(c) = x*t(c) - 4*d(c). What is h(-4)?
0
Let s(k) be the second derivative of k**4/12 - 2*k**3/3 + 3*k**2/2 + 223*k. Let b(l) = 0*l - l + 0*l. Let t be b(-5). Calculate s(t).
8
Let l(r) = -r**2 + 12*r - 9. Let h = -219 + 228. What is l(h)?
18
Let u(w) = 216*w + 211*w + 10*w**2 - 1 - 427*w. Give u(-1).
9
Let x be 2/(-8) + 3*9/12. Let z(h) = -h**x + 132 + 3*h**2 - 6*h - 139. Determine z(5).
13
Let u = 866 - 865. Let v(d) = d**2 + 3*d - 3. Give v(u).
1
Let x = 25 - 23. Let d(l) = -2 - 6*l**x + l**3 + 4 - 3 - 7*l + 5. Determine d(7).
4
Let v(j) = -j**3 + 10*j**2 - 14*j + 6. Let z be ((-9)/(-5))/(7/35). Give v(z).
-39
Let u(b) = b**2 + 11*b + 31. Let o be u(-5). Let v(m) = -m - m**2 - 2*m + 2*m**2 + 1. What is v(o)?
-1
Let q(f) be the second derivative of f**5/20 + 5*f**4/12 - 2*f**3/3 - 5*f**2/2 + 4*f. Give q(-5).
15
Let o(r) = 97*r + 766. Let s be o(-8). Let w(q) = q**3 + 10*q**2 + q - 6. What is w(s)?
-16
Let y = -3 + 11. Let q(l) = -l**3 + 7*l**2 + 8*l - 6. Let p be q(y). Let c(x) = x**3 + 5*x**2 - 7*x - 1. Give c(p).
5
Let p(x) be the first derivative of 6*x - 17 - 1/2*x**2. Determine p(5).
1
Let k(q) = 5 - q**2 + 15*q + 2*q - 16*q + 3*q. Let m = -7 - -13. Determine k(m).
-7
Let a be 1/(-7) + 1083/133. Let n(z) = z**2 - 8*z + 3. Determine n(a).
3
Let o(q) = 2*q + 2. Let z be o(-4). Let s(c) = -2*c + 4. Let j(b) = -2*b + 5. Let k(d) = z*s(d) + 5*j(d). Suppose 800*a = 789*a + 22. Determine k(a).
5
Let l(g) be the third derivative of 2*g**2 + 0 + 1/24*g**4 - 4/3*g**3 + 0*g. Calculate l(7).
-1
Let t(w) = w**2 - 6*w + 5. Suppose 0 = 9*u - 21*u + 96. What is t(u)?
21
Let t(w) = 2*w + 2. Let b(f) = f**2 + 13*f - 16. Let a be b(-14). Let i be (-2)/(-1)*-4 - a. Give t(i).
-10
Let i(f) be the first derivative of -5*f**3/3 - f**2/2 + f + 2. Suppose t = 3*t - 8. Suppose 4 = -t*x - 0*x + 4*m, -4*x + 3*m = 2. What is i(x)?
-5
Let r(u) be the second derivative of u**5/20 - u**4/4 + u**3/2 + 3*u**2/2 + u. Let l be 3/((2/4)/((-8)/(-16))). Give r(l).
12
Let s(i) = -13*i**2 + 2*i - 1. Let v = 915 - 914. Give s(v).
-12
Let c(q) = -8*q**3 - 6*q**2 + q + 10. Let m(y) = 19*y**3 + 12*y**2 - y - 21. Let r(w) = 7*c(w) + 3*m(w). Determine r(4).
-9
Let n(m) = -m**2 - 5*m + 1. Let h(v) = 2*v**2 + 37*v + 71. Let t(k) = -h(k) - 3*n(k). Determine t(25).
1
Let z(n) = n**3 - 3*n**2 + 4*n - 15. Let u be z(3). Let b(i) = -i**2 - 1. Calculate b(u).
-10
Let m(i) be the second derivative of -i**5/20 + 5*i**4/12 - i**3/3 - 2*i**2 - 12*i. Suppose 5*p = 5*z - 15, 2*z - 8 - 4 = -4*p. Give m(z).
4
Let q(l) = 4*l**2 + l - 5. Let f be q(4). Suppose 8*p - 65 = f. Suppose 0*v + v = n - 4, 5*v - p = -4*n. Let w(j) = -j**2 - j - 10. What is w(v)?
-10
Suppose -2*z - 22 = 3*i - 4, z = 2*i - 2. Let q(c) = 2*c**2 + 9*c + 3. Determine q(z).
21
Let f(o) = o**2 + 4*o - 2. Suppose -45*s + 42*s - 15 = 0. What is f(s)?
3
Let d = -26 - -40. Let m(b) = 9*b - 22*b - 3 + d*b. Calculate m(-4).
-7
Let y(t) = -t**3 + 2*t**2 - 1. Let h be y(-1). Let w(i) = 0*i - 4*i + i**2 + 8 - h*i**2 - 15. Calculate w(-5).
-12
Let x(q) be the first derivative of -q**2/2 + 3*q + 1. Suppose -3*f + 7*f + 3*p = 3, 5*p = -5*f + 5. Calculate x(f).
3
Suppose 0*k + 4*k = 60. Let v(f) = -10*f - k*f - 3 - 3*f + 33*f. Give v(2).
7
Let k(f) = f**2 - 5*f + 8. Let h be k(3). Let y(c) = -6 - c**2 + c + h + 3 - 2*c. Let o be y(-2). Let v(g) = -2*g**2 - 5*g - 2. Calculate v(o).
-5
Suppose -5*k + 5 = -4*f - 8, 3*f + 7 = k. Let b(i) = k + 7*i - 4*i - i**2 + 0*i**2. What is b(5)?
-9
Suppose -7 = 6*j + 17. Let k be 10 + j/(-3 + 4). Let a(y) = -6*y + 4*y + y + 2. Give a(k).
-4
Let v(i) = -i + 2. Let z(d) = -3. Let h(n) = n**2 + 13*n - 11. Let p be h(-14). Let m(b) = p*z(b) + 4*v(b). Determine m(2).
-9
Let f(m) = 6*m**2 - 3*m + 10. Let l(q) = q**2 + 12*q + 5 - 14 - 6*q**2 - 8*q. Let j(y) = -4*f(y) - 5*l(y). Determine j(8).
5
Let p(x) = 27*x**3 - 2*x**2 - x + 16. Let g(k) = -5*k**3 - 3. Let o(a) = 11*g(a) + 2*p(a). Give o(-4).
7
Suppose 0 = 3*l + 2*f - 26, -2*f + 47 - 9 = 5*l. Let o = 105 + -109. Let m = o + l. Let z(i) = i**3 + i**2 - 2*i + 3. Calculate z(m).
11
Suppose -o + 28 = 5*g, 5*o + 60 = 10*o + 5*g. Let x(h) = 9*h - 3*h**3 + 2*h**2 - 6 + 4*h**3 - 11*h**2. What is x(o)?
2
Suppose 0 = 5*p + 4*n - 1256, 5*n + 128 = -3*p + 879. Suppose -4*l = -2*l + p. Let d be 6/10 + l/35. Let c(b) = -b**3 - 3*b**2 - b. Determine c(d).
3
Let m(d) = 4*d**3 - 2*d**2 - 2*d - 1. Let a be (-9 + 0)*11/(132/8). Let h be (-2)/a*((-3)/(-3) + -4). Determine m(h).
-5
Let t be 5 + (12 - 2)/5. Let j(x) = -x**2 + 10*x - 12. Give j(t).
9
Let j(u) = u. Let a(b) = 5. Let r(v) = -a(v) + 2*j(v). Let i be r(0). Let x(c) = c**3 + 4*c**2 - 6*c - 1. Give x(i).
4
Let y(v) = -v**2 + 2*v + 4. Let p(s) = s**3 - 3*s**2 - 390 - 6*s + 399 - s**2. Let w be p(5). Calculate y(w).
-4
Suppose -3*t - 8 = -5*f, 3*f + 234 = -2*t + 216. Let c(m) = m**3 + 6*m**2 - 9. Determine c(t).
-9
Let t(c) = 7*c**2 + 4*c + 5. Let f(k) = k**2. Suppose -2*j = -7*j + 30. Let s(q) = j*f(q) - t(q). Let u = -14 + 10. Determine s(u).
-5
Let y(g) = 4*g**2 + 5*g**2 - g**2 - g**2 + 1. Suppose 0 = -3*r - 13 + 28. Suppose 5*f + 0*f = -r. Determine y(f).
8
Let b(f) = f